9.
19
Calculate the greatest common factor of 455858 and 2364.
394
Calculate the highest common factor of 180 and 1252476.
36
Calculate the highest common divisor of 52074 and 594.
198
What is the greatest common divisor of 33 and 89067?
33
What is the highest common divisor of 8673 and 49737?
177
What is the greatest common divisor of 294 and 143094?
42
Calculate the highest common factor of 15759 and 255.
51
Calculate the greatest common factor of 793 and 18889.
13
What is the highest common factor of 1269424 and 208?
208
Calculate the greatest common factor of 84 and 186132.
12
What is the greatest common factor of 968520 and 2520?
840
Calculate the greatest common factor of 168 and 10126368.
168
Calculate the highest common factor of 86358 and 666.
222
Calculate the highest common divisor of 98571 and 2523.
87
What is the greatest common divisor of 478458 and 1197?
171
What is the greatest common factor of 3786 and 258?
6
Calculate the greatest common factor of 2470 and 91143.
247
What is the highest common factor of 8 and 38868?
4
What is the greatest common factor of 4362 and 72?
6
Calculate the greatest common factor of 4 and 1640720.
4
What is the greatest common divisor of 76608 and 3800?
152
Calculate the greatest common divisor of 78346 and 86.
86
What is the greatest common factor of 38 and 5614234?
38
Calculate the highest common divisor of 284048 and 287.
41
Calculate the greatest common factor of 8092416 and 656.
656
What is the highest common divisor of 530 and 7526?
106
Calculate the highest common divisor of 656207 and 591.
197
What is the greatest common factor of 144 and 1595392?
16
What is the greatest common divisor of 23366 and 126?
14
What is the highest common divisor of 621 and 36133?
23
Calculate the highest common divisor of 1904 and 12733.
119
What is the greatest common divisor of 23850 and 152700?
150
Calculate the greatest common divisor of 5384 and 976.
8
What is the highest common divisor of 298440 and 720?
360
What is the highest common factor of 702 and 26514?
54
What is the highest common divisor of 43197 and 2193?
51
What is the greatest common factor of 99734 and 376?
94
What is the greatest common divisor of 24726 and 1482?
78
Calculate the greatest common factor of 20 and 366430.
10
Calculate the greatest common divisor of 9262 and 71149.
421
Calculate the highest common divisor of 3648 and 33.
3
Calculate the greatest common divisor of 140892 and 2832.
708
Calculate the highest common factor of 2229690 and 18.
6
What is the greatest common factor of 472515 and 4251?
327
What is the greatest common divisor of 11749 and 31?
31
What is the highest common factor of 100274 and 9418?
554
What is the highest common divisor of 25017 and 2418?
93
What is the highest common divisor of 32710 and 25?
5
What is the greatest common factor of 1676 and 52794?
838
What is the greatest common divisor of 455 and 20085?
65
Calculate the greatest common factor of 276 and 250539.
69
Calculate the highest common divisor of 912 and 109744.
304
What is the greatest common factor of 16 and 1389?
1
What is the greatest common factor of 14356121 and 293?
293
Calculate the greatest common factor of 57 and 5043645.
57
Calculate the highest common factor of 18 and 72336.
6
Calculate the greatest common divisor of 279632 and 528.
16
What is the greatest common divisor of 172231 and 29?
29
Calculate the highest common factor of 54 and 81459.
27
Calculate the greatest common factor of 22884 and 9.
3
Calculate the greatest common divisor of 396 and 2835954.
198
Calculate the greatest common divisor of 267 and 5198223.
267
Calculate the highest common factor of 180 and 116160.
60
Calculate the highest common divisor of 19010 and 130.
10
What is the highest common factor of 1499 and 3?
1
Calculate the highest common factor of 6031 and 2997.
37
What is the highest common divisor of 134 and 10216562?
134
What is the greatest common divisor of 35 and 73969?
7
Calculate the highest common factor of 17 and 385067.
17
What is the highest common factor of 39 and 942?
3
Calculate the highest common factor of 22 and 101134.
22
Calculate the greatest common divisor of 244 and 2586.
2
What is the greatest common divisor of 828 and 1022040?
36
Calculate the highest common factor of 8882064 and 16.
16
Calculate the greatest common factor of 139620 and 22912.
716
What is the greatest common divisor of 10350 and 30150?
450
What is the highest common factor of 160640 and 7040?
640
Calculate the highest common divisor of 95300 and 160.
20
Calculate the greatest common factor of 20080 and 320.
80
What is the greatest common factor of 128601 and 297?
297
What is the highest common factor of 217652 and 28?
4
What is the greatest common divisor of 66315 and 15?
15
Calculate the highest common divisor of 10836 and 6804.
252
What is the greatest common divisor of 703 and 513?
19
Calculate the highest common factor of 6 and 154742.
2
What is the greatest common divisor of 4638 and 480?
6
Calculate the greatest common divisor of 36 and 308268.
36
Calculate the highest common divisor of 723 and 7471.
241
Calculate the greatest common divisor of 13962389 and 119.
119
Calculate the greatest common factor of 1520 and 6320.
80
Calculate the greatest common divisor of 1418 and 2500643.
709
What is the greatest common factor of 4590 and 1360?
170
Calculate the highest common divisor of 2774 and 2432.
38
Calculate the highest common divisor of 285 and 33231.
57
Calculate the greatest common divisor of 48 and 19140.
12
What is the highest common factor of 5624 and 893?
19
Calculate the highest common factor of 117 and 8385.
39
Calculate the highest common factor of 27345 and 468511.
1823
Calculate the greatest common divisor of 31890 and 129686.
2126
Calculate the greatest common factor of 148 and 2868758.
74
What is the greatest common factor of 526309 and 6762?
1127
Calculate the highest common divisor of 14 and 4000.
2
What is the highest common factor of 121 and 800899?
121
Calculate the greatest common divisor of 67086 and 144.
18
Calculate the highest common factor of 80739 and 963.
9
What is the greatest common divisor of 33 and 271865?
11
Calculate the greatest common divisor of 46982 and 556.
278
Calculate the greatest common divisor of 72 and 153.
9
Calculate the highest common divisor of 126 and 242186.
14
Calculate the greatest common divisor of 960 and 47640.
120
What is the highest common factor of 220 and 43065?
55
What is the greatest common divisor of 67371 and 136?
17
Calculate the greatest common divisor of 6887 and 1775.
71
Calculate the highest common divisor of 32178 and 519.
519
What is the highest common factor of 1604 and 12?
4
Calculate the highest common divisor of 267472 and 511.
73
Calculate the highest common divisor of 86924 and 496.
124
Calculate the highest common factor of 202976 and 8.
8
What is the greatest common factor of 982362 and 51?
51
Calculate the greatest common factor of 1536 and 5136.
48
What is the highest common factor of 364 and 1989?
13
Calculate the greatest common factor of 5369 and 3107.
13
What is the highest common factor of 2829 and 1633?
23
Calculate the greatest common divisor of 216 and 152928.
216
Calculate the highest common divisor of 105 and 111405.
105
What is the highest common divisor of 243 and 1899?
9
What is the highest common divisor of 4143 and 69?
3
What is the greatest common divisor of 25812 and 126?
18
Calculate the highest common factor of 55 and 3178780.
55
What is the greatest common factor of 646 and 393091?
323
Calculate the greatest common factor of 2373 and 399.
21
Calculate the highest common factor of 3969024 and 136.
136
Calculate the greatest common divisor of 61670 and 350.
70
What is the highest common divisor of 715 and 13365?
55
What is the greatest common divisor of 733863 and 1214?
607
What is the highest common divisor of 395314 and 76?
38
Calculate the greatest common factor of 65185 and 10.
5
Calculate the greatest common factor of 2 and 27418.
2
Calculate the highest common factor of 3886 and 36046.
134
What is the highest common divisor of 616 and 36692?
4
Calculate the highest common divisor of 109 and 18148609.
109
Calculate the highest common divisor of 44 and 318109.